{"id":158,"date":"2025-10-12T21:39:01","date_gmt":"2025-10-13T00:39:01","guid":{"rendered":"https:\/\/disegna.com.br\/viabrasil\/?page_id=158"},"modified":"2025-10-17T14:29:54","modified_gmt":"2025-10-17T17:29:54","slug":"historico","status":"publish","type":"page","link":"https:\/\/disegna.com.br\/viabrasil\/historico\/","title":{"rendered":"Hist\u00f3rico"},"content":{"rendered":"\t\t<div data-elementor-type=\"wp-page\" data-elementor-id=\"158\" class=\"elementor elementor-158\" data-elementor-post-type=\"page\">\n\t\t\t\t\t\t<section class=\"elementor-section elementor-top-section elementor-element elementor-element-58cedd9c elementor-section-items-bottom elementor-section-height-min-height elementor-section-boxed elementor-section-height-default\" data-id=\"58cedd9c\" data-element_type=\"section\" data-settings=\"{&quot;background_background&quot;:&quot;classic&quot;,&quot;background_motion_fx_motion_fx_scrolling&quot;:&quot;yes&quot;,&quot;background_motion_fx_translateY_effect&quot;:&quot;yes&quot;,&quot;background_motion_fx_translateY_speed&quot;:{&quot;unit&quot;:&quot;px&quot;,&quot;size&quot;:2,&quot;sizes&quot;:[]},&quot;background_motion_fx_translateY_direction&quot;:&quot;negative&quot;,&quot;background_motion_fx_translateY_affectedRange&quot;:{&quot;unit&quot;:&quot;%&quot;,&quot;size&quot;:&quot;&quot;,&quot;sizes&quot;:{&quot;start&quot;:0,&quot;end&quot;:100}},&quot;background_motion_fx_devices&quot;:[&quot;desktop&quot;,&quot;tablet&quot;,&quot;mobile&quot;]}\">\n\t\t\t\t\t\t\t<div class=\"elementor-background-overlay\"><\/div>\n\t\t\t\t\t\t\t<div class=\"elementor-container elementor-column-gap-default\">\n\t\t\t\t\t<div class=\"elementor-column elementor-col-100 elementor-top-column elementor-element elementor-element-515b6139\" data-id=\"515b6139\" data-element_type=\"column\">\n\t\t\t<div class=\"elementor-widget-wrap elementor-element-populated\">\n\t\t\t\t\t\t<section class=\"elementor-section elementor-inner-section elementor-element elementor-element-70c09212 elementor-section-boxed elementor-section-height-default elementor-section-height-default\" data-id=\"70c09212\" data-element_type=\"section\">\n\t\t\t\t\t\t<div class=\"elementor-container elementor-column-gap-no\">\n\t\t\t\t\t<div class=\"elementor-column elementor-col-33 elementor-inner-column elementor-element elementor-element-6a39fdfa elementor-hidden-tablet elementor-hidden-phone\" data-id=\"6a39fdfa\" data-element_type=\"column\">\n\t\t\t<div class=\"elementor-widget-wrap\">\n\t\t\t\t\t\t\t<\/div>\n\t\t<\/div>\n\t\t\t\t<div class=\"elementor-column elementor-col-33 elementor-inner-column elementor-element elementor-element-25dec856\" data-id=\"25dec856\" data-element_type=\"column\">\n\t\t\t<div class=\"elementor-widget-wrap elementor-element-populated\">\n\t\t\t\t\t\t<div class=\"elementor-element elementor-element-50083cf2 elementor-widget elementor-widget-heading\" data-id=\"50083cf2\" data-element_type=\"widget\" data-widget_type=\"heading.default\">\n\t\t\t\t\t<h3 class=\"elementor-heading-title elementor-size-default\">Hist\u00f3ria<\/h3>\t\t\t\t<\/div>\n\t\t\t\t<div class=\"elementor-element elementor-element-7bb7aad5 elementor-widget-divider--view-line elementor-widget elementor-widget-divider\" data-id=\"7bb7aad5\" data-element_type=\"widget\" data-widget_type=\"divider.default\">\n\t\t\t\t\t\t\t<div class=\"elementor-divider\">\n\t\t\t<span class=\"elementor-divider-separator\">\n\t\t\t\t\t\t<\/span>\n\t\t<\/div>\n\t\t\t\t\t\t<\/div>\n\t\t\t\t<div class=\"elementor-element elementor-element-5c31a677 elementor-widget elementor-widget-text-editor\" data-id=\"5c31a677\" data-element_type=\"widget\" data-widget_type=\"text-editor.default\">\n\t\t\t\t\t\t\t\t\t<p>Desde 1991 transportando bem-estar<\/p>\t\t\t\t\t\t\t\t<\/div>\n\t\t\t\t\t<\/div>\n\t\t<\/div>\n\t\t\t\t<div class=\"elementor-column elementor-col-33 elementor-inner-column elementor-element elementor-element-2d42ef96 elementor-hidden-tablet elementor-hidden-phone\" data-id=\"2d42ef96\" data-element_type=\"column\">\n\t\t\t<div class=\"elementor-widget-wrap\">\n\t\t\t\t\t\t\t<\/div>\n\t\t<\/div>\n\t\t\t\t\t<\/div>\n\t\t<\/section>\n\t\t\t\t\t<\/div>\n\t\t<\/div>\n\t\t\t\t\t<\/div>\n\t\t<\/section>\n\t\t<div class=\"elementor-element elementor-element-7536961 e-flex e-con-boxed e-con e-parent\" data-id=\"7536961\" data-element_type=\"container\">\n\t\t\t\t\t<div class=\"e-con-inner\">\n\t\t\t\t<div class=\"elementor-element elementor-element-3f7fdd0 elementor-widget elementor-widget-image\" data-id=\"3f7fdd0\" data-element_type=\"widget\" data-widget_type=\"image.default\">\n\t\t\t\t\t\t\t\t\t\t\t\t\t\t\t<img fetchpriority=\"high\" decoding=\"async\" width=\"800\" height=\"274\" src=\"https:\/\/disegna.com.br\/viabrasil\/wp-content\/uploads\/2025\/10\/via-brasil-mudancas-quem-somos-1024x351.jpg\" class=\"attachment-large size-large wp-image-66\" alt=\"\" srcset=\"https:\/\/disegna.com.br\/viabrasil\/wp-content\/uploads\/2025\/10\/via-brasil-mudancas-quem-somos-1024x351.jpg 1024w, https:\/\/disegna.com.br\/viabrasil\/wp-content\/uploads\/2025\/10\/via-brasil-mudancas-quem-somos-300x103.jpg 300w, https:\/\/disegna.com.br\/viabrasil\/wp-content\/uploads\/2025\/10\/via-brasil-mudancas-quem-somos-768x263.jpg 768w, https:\/\/disegna.com.br\/viabrasil\/wp-content\/uploads\/2025\/10\/via-brasil-mudancas-quem-somos.jpg 1200w\" sizes=\"(max-width: 800px) 100vw, 800px\" \/>\t\t\t\t\t\t\t\t\t\t\t\t\t\t\t<\/div>\n\t\t\t\t\t<\/div>\n\t\t\t\t<\/div>\n\t\t<div class=\"elementor-element elementor-element-711ceb6 e-flex e-con-boxed e-con e-parent\" data-id=\"711ceb6\" data-element_type=\"container\">\n\t\t\t\t\t<div class=\"e-con-inner\">\n\t\t\t\t<div class=\"elementor-element elementor-element-8a0615b elementor-widget elementor-widget-text-editor\" data-id=\"8a0615b\" data-element_type=\"widget\" data-widget_type=\"text-editor.default\">\n\t\t\t\t\t\t\t\t\t<h2>&#8220;Desde 1991 transportando bem-estar&#8221;<\/h2><p>\u00a0<\/p><p>A\u00a0<strong>Via Brasil Mudan\u00e7as e Transportes<\/strong>\u00a0foi fundada no ano de 1991 com o objetivo de tornar-se a melhor empresa de mudan\u00e7a no Rio Grande do Sul. No decorrer de sua hist\u00f3ria, a Via Brasil cresceu e se expandiu por todo territ\u00f3rio brasileiro realizando servi\u00e7os de mudan\u00e7as residenciais e comerciais.<\/p><p>Em 2007, inaugurou sua primeira filial em S\u00e3o Paulo para melhorar o atendimento a seus clientes. A Via Brasil Mudan\u00e7as adota uma pol\u00edtica de qualidade de aprimoramento cont\u00ednuo dos seus servi\u00e7os de transporte de mudan\u00e7a.<\/p><p>No ano de 1998, a\u00a0<strong>Via Brasil<\/strong>\u00a0abriu um novo segmento de servi\u00e7o dentro da companhia chamado Via Brasil Internacional, come\u00e7ando, ent\u00e3o, a operar em rotas internacionais. Contratos e parcerias foram firmados com diversas empresas no exterior, para a realiza\u00e7\u00e3o de mudan\u00e7as residenciais e comerciais internacionais.<\/p><p>Atualmente a empresa mostra-se totalmente apta e capacitada para transportar mudan\u00e7as para todos os continentes. Mudan\u00e7as internacionais de Porto Alegre e S\u00e3o Paulo s\u00e3o realizadas com seguran\u00e7a para cidades de todo o mundo, como Buenos Aires, Montevideo, Santiago do Chile, Caracas, Miami, Nova York, Londres, Lisboa, Barcelona e Dubai. A Via Brasil executa mudan\u00e7as internacionais, por transporte a\u00e9reo, rodovi\u00e1rio e transporte de containers.<\/p><p>Hoje, a\u00a0<strong>Via Brasil Mudan\u00e7as<\/strong>\u00a0\u00e9 uma das mais antigas e renomadas empresas de mudan\u00e7as do Brasil, conta com parceiros e representantes comerciais por todas as cinco regi\u00f5es brasileiras e em pa\u00edses da Am\u00e9rica e da Europa.<\/p>\t\t\t\t\t\t\t\t<\/div>\n\t\t\t\t\t<\/div>\n\t\t\t\t<\/div>\n\t\t<div class=\"elementor-element elementor-element-9e976f5 e-flex e-con-boxed e-con e-parent\" data-id=\"9e976f5\" data-element_type=\"container\" data-settings=\"{&quot;background_background&quot;:&quot;slideshow&quot;,&quot;background_slideshow_gallery&quot;:[{&quot;id&quot;:68,&quot;url&quot;:&quot;https:\\\/\\\/disegna.com.br\\\/viabrasil\\\/wp-content\\\/uploads\\\/2025\\\/10\\\/bg_banner.jpg&quot;}],&quot;background_slideshow_loop&quot;:&quot;yes&quot;,&quot;background_slideshow_slide_duration&quot;:5000,&quot;background_slideshow_slide_transition&quot;:&quot;fade&quot;,&quot;background_slideshow_transition_duration&quot;:500}\">\n\t\t\t\t\t<div class=\"e-con-inner\">\n\t\t\t\t<div class=\"elementor-element elementor-element-24d3160 elementor-widget elementor-widget-text-editor\" data-id=\"24d3160\" data-element_type=\"widget\" data-widget_type=\"text-editor.default\">\n\t\t\t\t\t\t\t\t\t<h4>Via Brasil\u00a0Mudan\u00e7as f\u00e1cil<\/h4><p>S\u00f3 uma empresa de mudan\u00e7as, com mais de 25 anos de experi\u00eancia, pode oferecer um servi\u00e7o de qualidade de maneira f\u00e1cil e simples.<\/p>\t\t\t\t\t\t\t\t<\/div>\n\t\t\t\t<div class=\"elementor-element elementor-element-138336f elementor-widget elementor-widget-button\" data-id=\"138336f\" data-element_type=\"widget\" data-widget_type=\"button.default\">\n\t\t\t\t\t\t\t\t\t\t<a class=\"elementor-button elementor-button-link elementor-size-sm\" href=\"#\">\n\t\t\t\t\t\t<span class=\"elementor-button-content-wrapper\">\n\t\t\t\t\t\t\t\t\t<span class=\"elementor-button-text\">Nosso Servi\u00e7os<\/span>\n\t\t\t\t\t<\/span>\n\t\t\t\t\t<\/a>\n\t\t\t\t\t\t\t\t<\/div>\n\t\t\t\t\t<\/div>\n\t\t\t\t<\/div>\n\t\t\t\t<\/div>\n\t\t","protected":false},"excerpt":{"rendered":"<p>Hist\u00f3ria Desde 1991 transportando bem-estar &#8220;Desde 1991 transportando bem-estar&#8221; \u00a0 A\u00a0Via Brasil Mudan\u00e7as e Transportes\u00a0foi fundada no ano de 1991 com o objetivo de tornar-se a melhor empresa de mudan\u00e7a no Rio Grande do Sul. No decorrer de sua hist\u00f3ria, a Via Brasil cresceu e se expandiu por todo territ\u00f3rio brasileiro realizando servi\u00e7os de mudan\u00e7as [&hellip;]<\/p>\n","protected":false},"author":1,"featured_media":0,"parent":0,"menu_order":0,"comment_status":"closed","ping_status":"closed","template":"","meta":{"footnotes":""},"class_list":["post-158","page","type-page","status-publish","hentry"],"_links":{"self":[{"href":"https:\/\/disegna.com.br\/viabrasil\/wp-json\/wp\/v2\/pages\/158","targetHints":{"allow":["GET"]}}],"collection":[{"href":"https:\/\/disegna.com.br\/viabrasil\/wp-json\/wp\/v2\/pages"}],"about":[{"href":"https:\/\/disegna.com.br\/viabrasil\/wp-json\/wp\/v2\/types\/page"}],"author":[{"embeddable":true,"href":"https:\/\/disegna.com.br\/viabrasil\/wp-json\/wp\/v2\/users\/1"}],"replies":[{"embeddable":true,"href":"https:\/\/disegna.com.br\/viabrasil\/wp-json\/wp\/v2\/comments?post=158"}],"version-history":[{"count":14,"href":"https:\/\/disegna.com.br\/viabrasil\/wp-json\/wp\/v2\/pages\/158\/revisions"}],"predecessor-version":[{"id":202,"href":"https:\/\/disegna.com.br\/viabrasil\/wp-json\/wp\/v2\/pages\/158\/revisions\/202"}],"wp:attachment":[{"href":"https:\/\/disegna.com.br\/viabrasil\/wp-json\/wp\/v2\/media?parent=158"}],"curies":[{"name":"wp","href":"https:\/\/api.w.org\/{rel}","templated":true}]}}