{"id":134,"date":"2025-10-12T21:10:22","date_gmt":"2025-10-13T00:10:22","guid":{"rendered":"https:\/\/disegna.com.br\/viabrasil\/?page_id=134"},"modified":"2025-10-17T20:11:08","modified_gmt":"2025-10-17T23:11:08","slug":"frotas","status":"publish","type":"page","link":"https:\/\/disegna.com.br\/viabrasil\/frotas\/","title":{"rendered":"Frotas"},"content":{"rendered":"\t\t<div data-elementor-type=\"wp-page\" data-elementor-id=\"134\" class=\"elementor elementor-134\" data-elementor-post-type=\"page\">\n\t\t\t\t\t\t<section class=\"elementor-section elementor-top-section elementor-element elementor-element-59c37edc elementor-section-items-bottom elementor-section-height-min-height elementor-section-boxed elementor-section-height-default\" data-id=\"59c37edc\" data-element_type=\"section\" data-settings=\"{&quot;background_background&quot;:&quot;classic&quot;,&quot;background_motion_fx_motion_fx_scrolling&quot;:&quot;yes&quot;,&quot;background_motion_fx_translateY_effect&quot;:&quot;yes&quot;,&quot;background_motion_fx_translateY_speed&quot;:{&quot;unit&quot;:&quot;px&quot;,&quot;size&quot;:2,&quot;sizes&quot;:[]},&quot;background_motion_fx_translateY_direction&quot;:&quot;negative&quot;,&quot;background_motion_fx_translateY_affectedRange&quot;:{&quot;unit&quot;:&quot;%&quot;,&quot;size&quot;:&quot;&quot;,&quot;sizes&quot;:{&quot;start&quot;:0,&quot;end&quot;:100}},&quot;background_motion_fx_devices&quot;:[&quot;desktop&quot;,&quot;tablet&quot;,&quot;mobile&quot;]}\">\n\t\t\t\t\t\t\t<div class=\"elementor-background-overlay\"><\/div>\n\t\t\t\t\t\t\t<div class=\"elementor-container elementor-column-gap-default\">\n\t\t\t\t\t<div class=\"elementor-column elementor-col-100 elementor-top-column elementor-element elementor-element-45140b61\" data-id=\"45140b61\" data-element_type=\"column\">\n\t\t\t<div class=\"elementor-widget-wrap elementor-element-populated\">\n\t\t\t\t\t\t<section class=\"elementor-section elementor-inner-section elementor-element elementor-element-e4830cc elementor-section-boxed elementor-section-height-default elementor-section-height-default\" data-id=\"e4830cc\" data-element_type=\"section\">\n\t\t\t\t\t\t<div class=\"elementor-container elementor-column-gap-no\">\n\t\t\t\t\t<div class=\"elementor-column elementor-col-33 elementor-inner-column elementor-element elementor-element-71dd763e elementor-hidden-tablet elementor-hidden-phone\" data-id=\"71dd763e\" data-element_type=\"column\">\n\t\t\t<div class=\"elementor-widget-wrap\">\n\t\t\t\t\t\t\t<\/div>\n\t\t<\/div>\n\t\t\t\t<div class=\"elementor-column elementor-col-33 elementor-inner-column elementor-element elementor-element-63372cbd\" data-id=\"63372cbd\" data-element_type=\"column\">\n\t\t\t<div class=\"elementor-widget-wrap elementor-element-populated\">\n\t\t\t\t\t\t<div class=\"elementor-element elementor-element-17980ac4 elementor-widget elementor-widget-heading\" data-id=\"17980ac4\" data-element_type=\"widget\" data-widget_type=\"heading.default\">\n\t\t\t\t\t<h3 class=\"elementor-heading-title elementor-size-default\">Frota<\/h3>\t\t\t\t<\/div>\n\t\t\t\t<div class=\"elementor-element elementor-element-41e2bdbb elementor-widget-divider--view-line elementor-widget elementor-widget-divider\" data-id=\"41e2bdbb\" data-element_type=\"widget\" data-widget_type=\"divider.default\">\n\t\t\t\t\t\t\t<div class=\"elementor-divider\">\n\t\t\t<span class=\"elementor-divider-separator\">\n\t\t\t\t\t\t<\/span>\n\t\t<\/div>\n\t\t\t\t\t\t<\/div>\n\t\t\t\t<div class=\"elementor-element elementor-element-602c1953 elementor-widget elementor-widget-text-editor\" data-id=\"602c1953\" data-element_type=\"widget\" data-widget_type=\"text-editor.default\">\n\t\t\t\t\t\t\t\t\t<p>Oferecemos dois sistemas para o transporte de mudan\u00e7a<\/p>\t\t\t\t\t\t\t\t<\/div>\n\t\t\t\t\t<\/div>\n\t\t<\/div>\n\t\t\t\t<div class=\"elementor-column elementor-col-33 elementor-inner-column elementor-element elementor-element-28d72f17 elementor-hidden-tablet elementor-hidden-phone\" data-id=\"28d72f17\" data-element_type=\"column\">\n\t\t\t<div class=\"elementor-widget-wrap\">\n\t\t\t\t\t\t\t<\/div>\n\t\t<\/div>\n\t\t\t\t\t<\/div>\n\t\t<\/section>\n\t\t\t\t\t<\/div>\n\t\t<\/div>\n\t\t\t\t\t<\/div>\n\t\t<\/section>\n\t\t\t\t<section class=\"elementor-section elementor-top-section elementor-element elementor-element-6281b319 elementor-section-boxed elementor-section-height-default elementor-section-height-default\" data-id=\"6281b319\" data-element_type=\"section\" data-settings=\"{&quot;background_background&quot;:&quot;classic&quot;}\">\n\t\t\t\t\t\t\t<div class=\"elementor-background-overlay\"><\/div>\n\t\t\t\t\t\t\t<div class=\"elementor-container elementor-column-gap-default\">\n\t\t\t\t\t<div class=\"elementor-column elementor-col-100 elementor-top-column elementor-element elementor-element-102c030\" data-id=\"102c030\" data-element_type=\"column\">\n\t\t\t<div class=\"elementor-widget-wrap elementor-element-populated\">\n\t\t\t\t\t\t<div class=\"elementor-element elementor-element-b234360 elementor-widget elementor-widget-image\" data-id=\"b234360\" data-element_type=\"widget\" data-widget_type=\"image.default\">\n\t\t\t\t\t\t\t\t\t\t\t\t\t\t\t<img fetchpriority=\"high\" decoding=\"async\" width=\"800\" height=\"425\" src=\"https:\/\/disegna.com.br\/viabrasil\/wp-content\/uploads\/2025\/10\/via-brasil-mudancas-frota.jpg\" class=\"attachment-large size-large wp-image-163\" alt=\"\" srcset=\"https:\/\/disegna.com.br\/viabrasil\/wp-content\/uploads\/2025\/10\/via-brasil-mudancas-frota.jpg 800w, https:\/\/disegna.com.br\/viabrasil\/wp-content\/uploads\/2025\/10\/via-brasil-mudancas-frota-300x159.jpg 300w, https:\/\/disegna.com.br\/viabrasil\/wp-content\/uploads\/2025\/10\/via-brasil-mudancas-frota-768x408.jpg 768w\" sizes=\"(max-width: 800px) 100vw, 800px\" \/>\t\t\t\t\t\t\t\t\t\t\t\t\t\t\t<\/div>\n\t\t\t\t\t<\/div>\n\t\t<\/div>\n\t\t\t\t\t<\/div>\n\t\t<\/section>\n\t\t<div class=\"elementor-element elementor-element-875b2a8 e-flex e-con-boxed e-con e-parent\" data-id=\"875b2a8\" data-element_type=\"container\">\n\t\t\t\t\t<div class=\"e-con-inner\">\n\t\t\t\t<div class=\"elementor-element elementor-element-684746d elementor-widget elementor-widget-heading\" data-id=\"684746d\" data-element_type=\"widget\" data-widget_type=\"heading.default\">\n\t\t\t\t\t<h2 class=\"elementor-heading-title elementor-size-default\">Nossa Frota<\/h2>\t\t\t\t<\/div>\n\t\t\t\t<div class=\"elementor-element elementor-element-74f03d9 elementor-widget elementor-widget-text-editor\" data-id=\"74f03d9\" data-element_type=\"widget\" data-widget_type=\"text-editor.default\">\n\t\t\t\t\t\t\t\t\t<p>A Via Brasil Mudan\u00e7as oferece dois sistemas para o transporte de mudan\u00e7a para se adequar as necessidades de cada cliente:<\/p><h3>Transporte de Longa Dist\u00e2ncia Direto<\/h3><p>O sistema de transporte de mudan\u00e7a direto \u00e9 utilizado para quem precisa urg\u00eancia na entrega ou n\u00e3o possui um prazo flex\u00edvel para realiza\u00e7\u00e3o da mudan\u00e7a. O caminh\u00e3o de mudan\u00e7a \u00e9 carregado na casa do cliente e segue viagem direto para o destino da entrega.<br \/><br \/><\/p><h3>Transporte com Carga Compartilhada<\/h3><p>O sistema de carga compartilhada ou aproveitamento de carga \u00e9 utilizado para quem busca o menor custo para realiza\u00e7\u00e3o do servi\u00e7o de mudan\u00e7a. O caminh\u00e3o \u00e9 compartilhado por alguns clientes para redu\u00e7\u00e3o de custos, mas o prazo de entrega \u00e9 mais longo.<\/p><p>Para evitar trocas, os itens de cada entrega s\u00e3o etiquetadas e inventariadas para confer\u00eancia no momento do destino.<\/p>\t\t\t\t\t\t\t\t<\/div>\n\t\t\t\t\t<\/div>\n\t\t\t\t<\/div>\n\t\t\t\t<\/div>\n\t\t","protected":false},"excerpt":{"rendered":"<p>Frota Oferecemos dois sistemas para o transporte de mudan\u00e7a Nossa Frota A Via Brasil Mudan\u00e7as oferece dois sistemas para o transporte de mudan\u00e7a para se adequar as necessidades de cada cliente: Transporte de Longa Dist\u00e2ncia Direto O sistema de transporte de mudan\u00e7a direto \u00e9 utilizado para quem precisa urg\u00eancia na entrega ou n\u00e3o possui um [&hellip;]<\/p>\n","protected":false},"author":1,"featured_media":0,"parent":0,"menu_order":0,"comment_status":"closed","ping_status":"closed","template":"","meta":{"footnotes":""},"class_list":["post-134","page","type-page","status-publish","hentry"],"_links":{"self":[{"href":"https:\/\/disegna.com.br\/viabrasil\/wp-json\/wp\/v2\/pages\/134","targetHints":{"allow":["GET"]}}],"collection":[{"href":"https:\/\/disegna.com.br\/viabrasil\/wp-json\/wp\/v2\/pages"}],"about":[{"href":"https:\/\/disegna.com.br\/viabrasil\/wp-json\/wp\/v2\/types\/page"}],"author":[{"embeddable":true,"href":"https:\/\/disegna.com.br\/viabrasil\/wp-json\/wp\/v2\/users\/1"}],"replies":[{"embeddable":true,"href":"https:\/\/disegna.com.br\/viabrasil\/wp-json\/wp\/v2\/comments?post=134"}],"version-history":[{"count":23,"href":"https:\/\/disegna.com.br\/viabrasil\/wp-json\/wp\/v2\/pages\/134\/revisions"}],"predecessor-version":[{"id":287,"href":"https:\/\/disegna.com.br\/viabrasil\/wp-json\/wp\/v2\/pages\/134\/revisions\/287"}],"wp:attachment":[{"href":"https:\/\/disegna.com.br\/viabrasil\/wp-json\/wp\/v2\/media?parent=134"}],"curies":[{"name":"wp","href":"https:\/\/api.w.org\/{rel}","templated":true}]}}